et d be 2*(0 + f/(-4)). Calculate the highest common factor of d and s.
5
Let k(i) = -i. Let n be k(-10). Let t be (-4)/10 + 94/n. Let z be (-6 + 1 + -1)/(-1). What is the highest common factor of t and z?
3
Suppose -z = -12 - 1. What is the greatest common divisor of 39 and z?
13
Suppose -24 = -0*m - 3*m. Let c be 726/m + (-39)/52. Suppose 2*b = 2*t - 26, 6*t - t = -4*b + 110. What is the highest common divisor of t and c?
18
Let c be 2/9 - (-16)/9. Suppose -c = h - 7. Suppose v = 5*x + 15, 4*v - h*x + 25 - 160 = 0. What is the greatest common divisor of v and 5?
5
Let y = 0 + -3. Let f be -2 - (y + 6 + 5). Let d = 37 + f. What is the highest common divisor of 18 and d?
9
Let o = -13 + 22. Calculate the greatest common factor of 144 and o.
9
Let j(t) = -t**2 + 7*t + 15. Let w be j(6). Calculate the highest common factor of w and 28.
7
Let q(v) = -13*v - 9. Let n be q(-7). Let y = n + -5. What is the greatest common factor of y and 7?
7
Suppose 0 = 4*l + 7*l - 264. Let y = 1 - -1. Suppose -y*s - 108 = -5*s. What is the greatest common divisor of l and s?
12
Let d = 509 - 363. Let a = 278 - d. Calculate the highest common divisor of a and 12.
12
Suppose -3*q - 2*q = -825. Calculate the highest common divisor of q and 15.
15
Let w be 4/18 + (-172)/(-36). Let s be (8/10)/((-1)/w). Let u be 42 + (-2 - 0 - s). What is the highest common divisor of 11 and u?
11
Let q(g) = g**2 - 3*g - 8. Let f be q(-7). Suppose 2*c - 2*k = 3*c - 2, 0 = -5*c + 3*k + f. Calculate the greatest common factor of c and 40.
10
Let h = -15 + 17. What is the greatest common divisor of h and 4?
2
Let d(p) = p**3 - 14*p**2 + 3*p - 12. Let t be d(14). What is the highest common divisor of t and 30?
30
Let o = 78 - 34. What is the greatest common divisor of 11 and o?
11
Let x(z) = z**3 - 5*z**2 + z - 3. Let a be x(5). Suppose 2*y - 34 = -a*t, 4*t - 22 = -2. What is the greatest common factor of 24 and y?
12
Suppose 2*n + 1226 = 7*n + 4*f, n - 258 = -4*f. Calculate the highest common factor of 22 and n.
22
Let q be 236/3*(-3)/(-2). Let r be (-2)/(-8) - q/(-8). Suppose 6*w = 5*d + w - 295, 3*d - w - 179 = 0. Calculate the greatest common factor of r and d.
15
Let k be 2/(-3) + (-244)/(-6). Suppose y - 2 = 0, f = 5*f + 4*y + 92. Let b = k + f. Calculate the highest common divisor of b and 3.
3
Let p = -20 + 155. Suppose -4*k + p = 51. Let b(w) = -w + 2. Let l be b(-5). Calculate the greatest common divisor of k and l.
7
Let t(v) = -v**2 + 4*v - 5. Let w(f) = -3*f**2 + 12*f - 15. Let r(n) = 17*t(n) - 6*w(n). Let k be r(7). Calculate the highest common divisor of 52 and k.
26
Suppose -3*n - m = -35, 0 = n - 4*m - 3 - 0. Let s be -110*-1*(-2)/(-5). Calculate the greatest common factor of n and s.
11
Let y be (2/(-16)*-14)/((-4)/(-368)). What is the highest common divisor of y and 23?
23
Suppose -4*t = 5*j - 28, 12 = 5*t + 3*j - 10. Let w be (-2 + 5)/(1/3). Suppose -2*l + 4*a = -76, a + t*a = w. Calculate the highest common divisor of l and 11.
11
Suppose 8*m - 9*m = -13. Let w be (-104)/((2 - 1)*-1). Calculate the greatest common divisor of m and w.
13
Suppose -3*v - 23 = -128. Let h = -24 + v. Calculate the greatest common divisor of 77 and h.
11
Suppose 2*u + 2*u - 324 = 0. Calculate the highest common factor of 9 and u.
9
Let g = 27 + -13. Let j be (2 + -1)/(2/28). What is the highest common divisor of j and g?
14
Suppose 0 = 4*v - 4, o = 6*o - 2*v - 63. Let s(n) = -10*n + 6. Let x be s(-2). What is the greatest common divisor of x and o?
13
Let j be 2/((-4)/6*3). Let b be (j + 6)*4/10. Suppose 0 = 2*u + 8 - 16. Calculate the highest common factor of u and b.
2
Let a(g) = -g**2 + 9*g + 9. Let h be a(9). Let b = -54 + 90. Calculate the highest common divisor of b and h.
9
Let v(j) = 0*j - 2*j - 9*j**3 + 3*j. Let b be v(-1). Calculate the greatest common divisor of 48 and b.
8
Suppose -3*b = -3*p - 39, -2*p = -4*b + 29 + 17. Suppose -w + 5*v = -27, -5*w = -v - 0*v - 15. Calculate the greatest common factor of w and b.
2
Let v be 12*(2 - (-1 - -2)). Let a be 6/1 + (4 - 4). Let y = v - a. Calculate the highest common factor of 24 and y.
6
Let d = -11 - -17. Calculate the highest common divisor of 15 and d.
3
Let f(o) = o**2 - 4 + 3*o + 9 - 3*o. Let n be f(6). Let x = n + -28. Calculate the highest common factor of 52 and x.
13
Suppose 153 + 7 = 5*c. What is the greatest common factor of 4 and c?
4
Let a be 634/14 - (-2)/(-7). Let m be (-66)/(-12) + 12/8. Let p be 14 + m + -4 + -2. Calculate the highest common divisor of p and a.
15
Let v = 17 + -12. Suppose -v*z = 4*m - 260, 72 = m + 5*z - 2*z. What is the highest common divisor of m and 40?
20
Let s(x) = -x**2 - 3*x. Let y be s(-3). Let v(p) = p**3 + p + 17. Let a be v(y). What is the highest common divisor of a and 153?
17
Suppose 5*l = 3*l + 6. Suppose 0*m = 3*k + l*m - 36, 3*k = 2*m + 56. What is the highest common factor of 112 and k?
16
Suppose -4*o + 2*o + 90 = 0. Let h be 6/5*15/2. Let n = o - h. What is the greatest common divisor of 12 and n?
12
Let w = -17 + 8. Suppose -54 = 5*o - 2*o. Let p = w - o. What is the greatest common divisor of p and 1?
1
Let k = -9 + -7. Suppose -5 = -5*h + 10. Let c be -3 - k - 0 - h. Calculate the greatest common factor of 40 and c.
10
Let f(d) = d**2 + 2*d - 4. Suppose -2*y = -5*q + 4, -q = -3*y + 11 - 4. Let h be f(y). What is the highest common divisor of 44 and h?
11
Let s(r) be the second derivative of -r**3/3 + 3*r**2/2 - 8*r. Let k be s(-6). What is the greatest common factor of k and 165?
15
Let l be 28/2*5/2. Calculate the highest common factor of 315 and l.
35
Suppose -2*s - 300 = -7*s. Let w(h) be the third derivative of -h**4/8 + 10*h**3/3 - 2*h**2. Let k be w(0). Calculate the highest common factor of s and k.
20
Let s = 64 - 55. Let q(d) = -62*d**3 + 1. Let i be q(-1). Calculate the highest common divisor of s and i.
9
Let b be 2*-1 - (-3 - 94). Calculate the highest common divisor of b and 38.
19
Let u(n) = n**3 - 10*n**2 + 17*n + 19. Let l be u(8). What is the highest common divisor of 9 and l?
9
Let p(g) = g**3 - g**2 + 49. Let j be p(0). What is the greatest common factor of j and 7?
7
Suppose 5*z - 122 = -2. What is the highest common factor of z and 12?
12
Let j(w) = w**3 + 9*w**2 + 6*w - 10. Let m be j(-8). Let v = m + 143. Let f = v - 59. What is the highest common divisor of 10 and f?
10
Let q(p) = p**2 - p + 1. Let h be q(-4). Let n = 25 - h. Calculate the greatest common factor of 16 and n.
4
Suppose -15*a - 4 = -16*a. What is the greatest common factor of a and 28?
4
Let q be ((-441)/(-36) - 4)*(-8)/(-3). What is the highest common factor of 22 and q?
22
Suppose 0 = 3*n + n + 136. Let m = -10 - n. Let d = 14 + -6. Calculate the greatest common divisor of d and m.
8
Let d be 36/(((-2)/(-8))/((-1)/(-4))). Let m = 28 - 16. What is the highest common factor of d and m?
12
Let s = -5 - -8. Let i be 32/s*(-9)/(-6). Suppose 0 = l - 4*l - k + 4, 3*l - 10 = 2*k. What is the greatest common factor of i and l?
2
Let r(l) = -l + 5. Let y be r(-9). Let n be (-23)/(-7) + (-4)/y. Suppose -5*p + 5 - 58 = -3*j, -p = -4*j + 82. What is the greatest common factor of j and n?
3
Let o = 86 + -165. Let b = -55 - o. Suppose -78 = -5*n + j, 62 = -2*n + 6*n - j. What is the greatest common factor of n and b?
8
Let z(j) = 7*j - 4. Let k be z(5). Calculate the highest common factor of 93 and k.
31
Suppose -4*t - 114 + 598 = -5*b, -605 = -5*t - 3*b. What is the greatest common factor of t and 11?
11
Let w = 13 + -9. Suppose 0 = 3*o - v - 3 - 8, 0 = v - w. Suppose 0*d - 5*d = -225. Calculate the greatest common divisor of o and d.
5
Suppose -188 = -3*l - 2*d, -5*d = l - 4*d - 64. What is the highest common factor of l and 15?
15
Let n be (-4)/28 - ((-274)/7 + -3). What is the greatest common divisor of n and 336?
42
Suppose 4*g - 21 - 3 = 0. Let o be (-14 + (-3 - -2))/(-1). What is the greatest common factor of g and o?
3
Suppose -x + 55 = 2*x + k, -2*x + 25 = 3*k. What is the greatest common factor of x and 180?
20
Let f(n) = 2*n + 3. Let z be f(5). What is the highest common divisor of z and 52?
13
Let x be 0/8 + 2*10. Calculate the highest common factor of x and 8.
4
Let g(n) = 5*n - 6. Let z(b) = 11*b - 12. Let p(o) = -7*g(o) + 3*z(o). Let x be p(0). What is the highest common factor of x